et t be j(-2). Let r(y) = y**3 + 7*y**2 + 9*y + 15. Let n be r(t). What is d(n)?
-12
Let f(q) be the third derivative of -q**6/120 - q**5/20 + 3*q**4/8 - q**3/3 - 6*q**2. Let x be f(-5). Let h(b) = 5 + 1 + b - x. Give h(-2).
1
Let b(l) = -2*l - 16*l - 4*l + 133 - 4*l. Calculate b(5).
3
Let m(r) = r + 4. Let l(u) = 2*u + 5. Suppose j = -5*y - 5 + 14, 5*j + 5*y = -15. Let h(f) = j*m(f) + 5*l(f). Determine h(2).
9
Let h(a) = a**2 + 110 - 80 - 6*a - 41. What is h(5)?
-16
Let v = -32 - -30. Let y(l) = 13*l**2 + 16*l - 3. Let x(h) = -26*h**2 - 37*h + 7. Let o(a) = 3*x(a) + 7*y(a). Calculate o(v).
50
Let c(y) = y**3 + 5*y**2 + 3*y + 1. Suppose 6*r - 35 = -29. Suppose -3*n + 3 = -3*x, 3*x = n + r - 10. Determine c(x).
5
Suppose 29*p - 16 = 16*p + 21*p. Let w(n) = 6*n**2 + 6*n + 2. Give w(p).
14
Let q(f) be the second derivative of f**6/120 + f**5/30 - f**4/24 + 33*f**2 + 23*f. Let j(s) be the first derivative of q(s). Let x = -1 - 2. What is j(x)?
-6
Let z(h) = -2*h**3 + 10*h - 6. Let y(u) = -3*u**3 - u**2 + 19*u - 11. Let j(d) = 5*y(d) - 9*z(d). Determine j(2).
13
Let a(j) = -8*j - 1. Let k(c) = 2*c. Let b(v) = -2*a(v) - 9*k(v). Let g be 20/2*(-8)/((-32)/6). Suppose -g*n - 21 - 9 = 0. Give b(n).
6
Suppose -17 = z - 3*w, 0 = -z + 6*z + 3*w - 5. Let b be z + 16/12 - (-32)/3. Let t(i) = -15 + i + 30 - b. Give t(-5).
0
Let z = 3182 + -76367/24. Let u(b) be the third derivative of 7*b**2 + 0*b**5 - 11/6*b**3 + 0*b + 0 - z*b**4 - 1/120*b**6. Calculate u(0).
-11
Let u(r) = -34156*r - 4*r**2 + 3*r**2 + 34139*r. Calculate u(0).
0
Let t(b) = b**3 + 26*b**2 - 26*b + 24. Let g(d) = 2*d**3 + 53*d**2 - 53*d + 52. Let s(p) = -2*g(p) + 5*t(p). Determine s(-25).
-9
Let f = -102 + 106. Suppose -5*u = f*l - 353, 5*u - 63 = 4*u + 3*l. Let b = -70 + u. Let v(r) = 7*r**3 - 2*r**2 - r. Give v(b).
-8
Let p(n) = -61*n - 969. Let c be p(-16). Let b(u) = -13*u + 89. Give b(c).
-2
Let j(m) = -m**2 + 12*m - 33. Let k = -500 - -560. Suppose 7*i + 25 - k = 0. Calculate j(i).
2
Let j(d) = -3*d - 4*d + 7 + d**2 + 9 - 4. Calculate j(5).
2
Suppose 2*h = -3*d + 5*h - 6, d = 4*h - 14. Let n be (d - (8 - 2)) + 14. Let y(q) = -q**2 + 10*q - 11. Calculate y(n).
-11
Let z(d) = d**2 + 7*d + 8. Let h(w) = -3*w**2 + 34*w - 62. Let y be h(2). Determine z(y).
2
Let g(b) = -b + 5. Let t(w) = -6*w - 19. Suppose 0 = -5*y + 6*y + 4. Let s be t(y). Suppose 41 = -s*o + 3*d + 14, -2*d - 2 = 0. Determine g(o).
11
Let v(l) = 834*l - 3 + 852*l + 859*l - 2512*l. What is v(-1)?
-36
Let k(q) = -2*q**2 - 29*q + 122. Let c be k(-18). Let t(h) = 14*h**2 - 9*h - 14. Let z(n) = -5*n**2 + 3*n + 5. Let l(r) = c*t(r) - 11*z(r). What is l(3)?
1
Let i = -2608 - -2606. Let p(q) = -2*q**3 - 4 + 4 - 2*q - 3*q**2. Determine p(i).
8
Let n(v) be the second derivative of -v**4/6 + v**3/3 + v**2/2 + v. Let u be 1*(-8)/(-1)*(-186)/496. Give n(u).
-23
Let d(h) be the first derivative of h**2 - h + 9. Suppose -2*o - t + 17 = -336, -4*t = 3*o - 532. Let z be o/144 + (-4)/18. Give d(z).
1
Let p(h) = h**2 - 58*h - 389. Let b(c) = 2*c**2 - 1455*c - 8738. Let u be b(-6). Calculate p(u).
-5
Suppose 2*z = 8, -14*z + 92 = -2*j - 12*z. Let l be j/(-231) - (-1)/((-22)/(-18)). Let i(h) = -18*h + 1. What is i(l)?
-17
Let o(l) = -17*l**3 + 9*l**2 + 39*l + 45. Let d(u) = 24*u**3 - 13*u**2 - 55*u - 63. Let n(k) = 12*d(k) + 17*o(k). Determine n(-3).
0
Suppose -18*p + 140 - 208 = -212. Let i(s) = -s + 1. Let d(a) = -a**2 + 9*a + 2. Let b(z) = d(z) + 3*i(z). What is b(p)?
-11
Let o(y) = -3*y**3 + 52*y**2 + 36*y - 28. Let w(j) = -j**3 + 19*j**2 + 12*j - 10. Let r(v) = -4*o(v) + 11*w(v). What is r(-4)?
2
Suppose 59*r + 437 + 321 - 109 = 0. Let f(z) = z**3 + 14*z**2 + 33*z + 8. Determine f(r).
8
Let g(x) be the second derivative of x**5/20 - 2*x**4/3 + 11*x**3/6 - x**2/2 + 5*x + 232. What is g(6)?
-7
Let j(s) = -s**2 + s + 20. Let v be j(0). Let w be -9 - 4 - (0 - v/4). Let l(c) = -c**2 - 11*c + 2. Give l(w).
26
Let w be -2 + 18/(-7) + (2790/105 - 27). Let h(l) = 2*l - 4*l**2 + 2 - 9*l**3 + 7*l**3 + l**3. Give h(w).
17
Let f be ((-15)/10)/((-3)/4). Let b(v) = -f - 2*v**2 + 3*v**2 + 6 - 2*v**2 - v. Let t = -16443 - -16439. Calculate b(t).
-8
Let j be -31 - -21 - (3 + (1 - 0)). Let x be (-58)/j - 5 - (-1)/(-7). Let m(l) = -l**2 + 2*l + 1. Determine m(x).
-2
Let l(u) be the third derivative of u**6/360 + u**5/10 + u**4/3 + 41*u**3/6 - 16*u**2 - 9. Let k(x) be the first derivative of l(x). Calculate k(-11).
-3
Let i(u) = 2. Let j(v) = -13*v - 2. Let a(b) = 28*b + 4. Suppose 10*n = n - 117. Let o(c) = n*j(c) - 6*a(c). Let l(r) = -i(r) - o(r). What is l(-3)?
-1
Let y(t) = -t**2 - 24*t + 30. Let i(l) = -19*l - 2210. Let b be i(-115). Calculate y(b).
5
Let d(z) = -10*z - 9*z + 580 - 22*z - 378. What is d(5)?
-3
Let a(o) be the second derivative of o**7/2520 + o**6/80 - 7*o**5/30 - 13*o**4/3 - 105*o. Let z(x) be the third derivative of a(x). What is z(-12)?
8
Let h = 75128 + -75124. Let c(f) = 2*f**3 + 9*f**2 - 3*f - 2. Let k(l) = -5*l**3 - 26*l**2 + 10*l + 5. Let m(g) = 8*c(g) + 3*k(g). Determine m(h).
-9
Let f(d) = -d - 75. Suppose -10*m - 4*o + 86 = -13*m, -m = -3*o + 37. Determine f(m).
-53
Let i be (-2 - -6 - 0/(-1)) + 6. Suppose -i + 21 = -11*a. Let r(u) = 16*u**2 + 2*u + 1. What is r(a)?
15
Let g = 5672 + -5671. Let z(h) = -7*h + 5. Give z(g).
-2
Let y = 42 + -36. Let a(m) = 0*m - m + 3 - y*m - 10. Let u(q) = 3*q + 3. Let s(i) = 4*a(i) + 9*u(i). Calculate s(6).
-7
Suppose -35*n = -5*n - 90. Let c(v) = 13*v + 13*v**3 - 7*v + 5*v**2 - 14*v**n - v. Determine c(5).
25
Let b(r) be the first derivative of r**4/4 + r**3 - 4*r - 3700. Determine b(0).
-4
Let x(d) = 2*d**2 + 3*d - 4. Suppose -44 = -5*s + 156. Suppose 2*m - 228 = 5*i, 0 = 4*i - m - 0*m + 180. Let h = i + s. Determine x(h).
16
Let q(x) = -7*x + 117. Let a be (-13 - (-1 - 0))/((-918)/1224). Determine q(a).
5
Let o be 2/(-22) + 4176/198. Let v(h) = h**3 - 22*h**2 + 20*h + 24. Give v(o).
3
Suppose 0 = -5*h - 46 + 1. Let l(c) be the second derivative of -c**3/6 + 11*c**2/2 - 49*c - 1. What is l(h)?
20
Let m(w) = -5 + 0*w + 3*w - 2*w. Let k = 309 + -417. Let x = k - -114. What is m(x)?
1
Let f(c) be the third derivative of -c**5/60 + 7*c**4/8 - 50*c**3/3 - 5*c**2 + 608*c. Give f(12).
8
Suppose 15*l = 225 + 345. Let c = l + -31. Let j(s) be the second derivative of s**5/20 - 2*s**4/3 + 11*s**3/6 - 4*s**2 - 15*s. Give j(c).
20
Let k(m) be the second derivative of -m**7/2520 + m**6/180 - m**5/60 + m**4/6 + 9*m**2 + 76*m. Let f(o) be the third derivative of k(o). Calculate f(5).
-7
Let q(g) = -7*g - 180. Let p be q(-28). Let l(f) = 21*f**2 - f**3 + 6*f - 11 + p - 10*f**2 + 6*f. Determine l(12).
5
Let p(a) = 4*a**3 + a + 1. Let c = 12 - 6. Suppose -c*s = -7*s + 3, -2*s + 14 = -4*i. Calculate p(i).
-33
Let i = -14262 + 28531/2. Let a(w) be the first derivative of -4/3*w**3 - 2*w - 1/4*w**4 - 22 + i*w**2. Determine a(-5).
-12
Let f(y) = -28*y + 8 + 7 - 3 - 11. Give f(0).
1
Suppose 44 = 4*z + 4*s, 2*z - 6*s + 3*s - 12 = 0. Let n be -6 - (3 + 20/(-4)) - z. Let d(p) = p**2 + 12*p - 17. Give d(n).
-4
Let u(t) = t**2 - 13*t + 4. Let k be u(13). Suppose k*y + j - 3 - 3 = 0, 2*j + 6 = y. Let x(p) = -4*p**2 - 3*p + 2. Determine x(y).
-20
Let g(z) = 3*z**2 - 5*z - 4. Let x(k) = -3*k - 7. Let l be x(-6). Let h(v) = 17*v**2 - 26*v - 20. Let b(a) = l*g(a) - 2*h(a). What is b(-5)?
-14
Let v(m) = -7*m - 36. Let w(k) = k**3 - 8*k**2 - 57*k + 103. Let p be w(12). Determine v(p).
-1
Let d(y) = -214*y - 2 - 5 + 201*y. Determine d(-2).
19
Let n be 4 + 6 + (-36)/6 - 0. Suppose 2*x - 10 = 4. Let q(i) = 4*i**2 - 10*i + 16. Let j(v) = -3*v**2 + 7*v - 11. Let p(m) = x*j(m) + 5*q(m). Give p(n).
-17
Let d(h) = 2*h**2 - 4*h. Let z be 4 + -2 + -2 - (33 + -31). Let y be -1 + (3 - -1) + 1. Let r be (-2)/1 + y - z. Calculate d(r).
16
Let f(k) = -k**3 + k**2 - 12. Let l(t) = -t**2 - 21*t + 50. Let r be l(3). Let j be (-4)/r + 72/(-33) + 2. Calculate f(j).
-12
Suppose -13*o + 29 + 10 = 0. Suppose -a + 11 - 7 = g, -o*a + 14 = 2*g. Let n(r) = -r**3 + 6*r**2 - r - 7. Determine n(a).
-13
Let x = -953 - -1670. Let t be x/11 - ((-171)/(-33) + -5). Let b = 70 - t. Let s(l) = 5*l - 5. Determine s(b).
20
Let s(b) = -b**3 + 4*b**2 - 2*b + 2. Suppose 0 = -7*r + 4*r - 6. Let l = 153 + -152. Let c be (-1 + r)/l + 16 + -10. What is s(c)?
5
Let c be 